 + 3. Is f(-6) a prime number?
False
Let j = 17 + -12. Suppose -3*f - f - d = -156, -j*f + 195 = 4*d. Is f a prime number?
False
Suppose 5*q = 9*q - 4996. Is q composite?
False
Let o = 876 + -47. Is o a prime number?
True
Let g be 7/((-28)/16) + -4. Let b(z) = -24*z - 1. Is b(g) a composite number?
False
Let o be 2/6*(-6 + 0). Let t be -22*2/(-3 - o). Suppose -r + 33 = 5*b - t, -b - 392 = -4*r. Is r a composite number?
False
Suppose 163 + 80 = -3*v. Let p = v - -138. Is p composite?
True
Is (-29901)/(-15) - (-2)/(-5) prime?
True
Suppose 1013 - 6680 = -3*h. Is h a composite number?
False
Suppose -253 = -q - 9. Let z = q - 33. Is z composite?
False
Is (-3 + -583)*(0 + (-1)/2) a prime number?
True
Suppose l + 1406 = 311. Let m = l + 704. Let w = -260 - m. Is w a composite number?
False
Let p(b) = 27*b**2 + b. Let y(g) = -g**3 + 2*g**2 - 1. Let m be y(2). Let f be p(m). Is f - (2 - (1 + 1)) a composite number?
True
Suppose q - 402 = 29. Is q prime?
True
Let t = -20 + 14. Let m(h) = -2*h**3 - 8*h**2 - 2*h - 2. Let y be m(t). Suppose 2*o + y = 4*o. Is o composite?
True
Suppose -953 = o - 3*o - 5*k, 4*k = -3*o + 1426. Suppose -o = -4*m + 58. Is m a composite number?
True
Suppose w - 4579 = -n, -n + w + w + 4591 = 0. Is n a prime number?
True
Let t(x) = x**3 - 5*x**2 - 12*x - 6. Let s be t(9). Suppose 0 = 2*h + 4*v - s, 5*h - 120 - 373 = -2*v. Is h a composite number?
False
Suppose 7*x + 62 = 979. Is x prime?
True
Let r(f) = -f**2 - 9*f - 8. Suppose 5*o - n = -38, -49 + 5 = 5*o - 3*n. Is r(o) a composite number?
True
Suppose 0 = -4*v + 4 + 24. Let a = 0 + v. Let g = 18 - a. Is g prime?
True
Let b = -4 + 8. Suppose j + 2*q - 36 = -0*q, -j - b*q + 26 = 0. Suppose -3*g = -11 - j. Is g prime?
True
Let r = -6 - -11. Is (104/10)/(2/r) a composite number?
True
Suppose -3*i = -4*i. Suppose 5*z + 23 = -w + 157, i = -4*w + 3*z + 467. Is w a composite number?
True
Let j = 476 - -1121. Is j a composite number?
False
Let n be 1 + (-2)/(-2) - -1. Suppose -4*t - q + 24 = -6, -n*q - 29 = -5*t. Let j(y) = -y**3 + 10*y**2 - 8*y - 2. Is j(t) a prime number?
True
Suppose r = -3 + 6. Let a be r - (-1 - 1 - 0). Suppose -a*u + 5 = -30. Is u composite?
False
Suppose -3*u - 13 = -4*u. Suppose -9 - u = -h. Suppose x - h = -x. Is x a composite number?
False
Suppose -2*b + 354 = -5*j, -2*j - 885 = -5*b - 0*b. Let f = -56 + b. Is f prime?
False
Suppose -l + 16 = j + 4*l, -4 = -j - l. Is ((-178)/6)/(j/(-3)) prime?
True
Let s(z) = 7*z**3 - 6*z**2 - 9*z + 11. Is s(5) a prime number?
True
Is (-66)/(-4)*(-4 - -6) a composite number?
True
Suppose 0 = 2*o - 1 - 3. Suppose -642 = -3*k - 3*g, -k - 1 + 220 = o*g. Is k a composite number?
True
Suppose 4*f - 5*u = 6655, 3*f + 4*u = -0*u + 5030. Let p = -961 + f. Is p a prime number?
True
Let x = 93 + -48. Let d = -22 + x. Is d a prime number?
True
Let k(x) = x**3 + 2*x**2 - 2*x - 1. Let v be k(-2). Suppose -52 + 253 = v*a. Is a composite?
False
Suppose 0 = r - 1 - 1. Suppose 0 = -r*i + 3 + 1. Suppose 0 = -3*j + i*q - q + 262, -2*q = -10. Is j a prime number?
True
Let f(j) = 2*j**2 - 3*j - 5. Let o be f(5). Is (o/(-20))/((-3)/70) a composite number?
True
Let d = 786 + 121. Is d composite?
False
Let v(f) = -f + 12. Let b be v(10). Suppose 3*z - 715 = -b*z. Is z prime?
False
Let u = -8 + 1. Let y(l) = -2 - 15*l - 3*l - 5 - 30*l. Is y(u) a prime number?
False
Let g = 5 + -3. Suppose -34 = -5*r + g*d - d, 4*r - 33 = -5*d. Is 10/(-35) + 261/r prime?
True
Let b = 935 + -490. Is b prime?
False
Let i = 224 - 109. Let o = i + 34. Is o a prime number?
True
Suppose z + 4 = 2*h + 7, 5*h + 3 = -2*z. Let g be (-32)/10 - h/5. Is (-1)/g*(-342)/(-6) a prime number?
True
Let n be 174/18 - 2/(-6). Suppose -4*p = -o - 12, 2*p + p + n = -4*o. Suppose p*g - 2*k - 146 = 3*k, 4*k - 348 = -4*g. Is g a prime number?
True
Let g = -59 + 33. Let d = 171 + g. Is d composite?
True
Let k(t) = 40*t**3 + 3*t**2 - 3*t + 5. Is k(2) composite?
False
Suppose -3*a + 2*g = 1, -35 + 14 = -2*a - 3*g. Suppose 4*q + q = 35. Let c = q + a. Is c a prime number?
False
Suppose -4*b = -2*b - 4318. Is b a prime number?
False
Let b(l) = -3*l**3 - 3*l**2 - 4*l + 9. Is b(-5) prime?
False
Let y(i) = -2*i**2 + 13*i - 7. Let c be y(9). Is 843/4 - 13/c a prime number?
True
Is (-124)/3*3/(-2) composite?
True
Suppose 6760 = 4*m - 3*v, m + 2*m = -2*v + 5053. Is m composite?
True
Let o(q) = -1654*q**3 + q**2. Is o(-1) a prime number?
False
Let o(r) = -r**2 + 8*r. Let l be o(8). Suppose -3*f = -l*f - 987. Is f prime?
False
Let r = 44 + -2. Is 4944/r + 4/14 a prime number?
False
Suppose 0 = -4*x + 5*i + 4081, -5*x = -0*x + 2*i - 5126. Let f = x + -731. Is f a prime number?
True
Let c(z) be the second derivative of z**5/20 - z**4/12 + z**3/6 + 11*z**2/2 - 2*z. Is c(0) a prime number?
True
Suppose 2*j - j = g - 5, 0 = -g - 2*j - 10. Let m(q) = q**3 + 9*q**2 + 8*q + 7. Let a be m(-6). Is a + -2 + g - -2 a prime number?
True
Suppose 0*u = -4*u - z + 9081, -5*u + 4*z + 11346 = 0. Suppose 5*o - 2655 - u = 0. Is o a composite number?
True
Suppose 5*y = -16 + 141. Is y a prime number?
False
Let z = 22 + 81. Is z composite?
False
Let m be 1 + (-3 - (3 + -4)). Let f(x) = -36*x**3 - x**2. Is f(m) composite?
True
Suppose 2*i - y - 185 = -3*i, 148 = 4*i + 2*y. Is i a composite number?
False
Suppose 11*l = 3*l + 1528. Is l a composite number?
False
Let n be 6/(-21) - 632/(-7). Let m = 397 - n. Is m prime?
True
Let n(i) = -87*i + 115. Is n(-24) a composite number?
False
Suppose 0 = 3*h - 121 - 836. Is h composite?
True
Let v(g) = g**3 - g**2 + 3*g + 13. Suppose 21 = 3*y - 0*j + j, -3*y + 5*j = -3. Is v(y) prime?
True
Let i(r) = -20*r + 3. Let k(q) = -59*q + 10. Let x(z) = 11*i(z) - 4*k(z). Suppose -5*w - 3*o + 18 = 0, 2*w = -5*o - 9 + 1. Is x(w) composite?
False
Suppose 3*f - 2*n = 184, 3*n + 322 = 5*f + 15. Suppose -m + 17 + f = 0. Is m composite?
False
Let y(r) = 56*r**2 + r. Let i be y(-4). Suppose -4*z + 2*z = i. Let h = -285 - z. Is h prime?
False
Suppose -5*h + 36 = -2569. Is h prime?
True
Let i(y) = 2*y**3 - y**2 - 19*y - 5. Is i(8) a prime number?
False
Let c(i) = i**3 + 5*i**2 - 3*i + 6. Let p be c(-6). Let f = 21 + p. Let o(m) = -m**3 + 11*m**2 - 9*m - 12. Is o(f) composite?
True
Let c(n) = n**2 - n. Let x(u) = 5 - 12 - u**2 + 5*u**2 - 6 + 9*u. Let a(d) = 3*c(d) - x(d). Is a(-10) composite?
True
Let v = -45 + 172. Is v a composite number?
False
Let k be (-2)/(-5) - (-165)/25. Let x(d) = d**2 - 7*d - 2. Let q be x(k). Is 70 - q*2/(-4) a prime number?
False
Let w = -66 + 99. Is w a prime number?
False
Suppose -4*a - 1345 = -5*b, -5*b + 3*a + 1906 = 561. Is b a composite number?
False
Let b be (16/2)/((-1)/(-1)). Suppose -2*z + 3*x = -9, -z = x - 6*x - b. Is (27/(-6))/z*-10 a prime number?
False
Let b(r) = 2*r**3 + r - 1. Let k be b(1). Let z(i) = -5*i + 1. Let t be z(k). Let c = -2 - t. Is c a prime number?
True
Let v(n) be the second derivative of -n**5/20 - 5*n**4/12 - n**3/2 - 11*n**2/2 + 3*n. Is v(-6) a composite number?
False
Let t = 936 + -431. Is t composite?
True
Let z(t) = -t**2 - 9*t - 6. Suppose -1 + 16 = -3*g. Is z(g) prime?
False
Let s = -5 + 7. Let v(d) = -s*d - 2 - 5 - 3*d - 5*d. Is v(-10) prime?
False
Is ((-14)/21)/(2*1/(-3183)) a prime number?
True
Let h be 3*74/(-12)*-2. Suppose 0*y - 63 = 5*y - 2*f, 0 = -3*y + 5*f - 53. Let k = h + y. Is k a prime number?
False
Is (51 - -1) + 4 + -7 prime?
False
Suppose i - 571 = 138. Is i prime?
True
Let b be ((-2)/2)/(2/(-4)). Suppose -b*d + 1 = w, w + 3 = d + 4*w. Suppose d = 5*s - 0*s - 105. Is s a prime number?
False
Suppose -4*p + 4*f + 808 = 0, -2*p - 8*f + 386 = -4*f. Is p composite?
False
Let y = 3 + -1. Suppose t = -y*t. Suppose 0 = -l - 2*g + 2 + 51, g + 3 = t. Is l a prime number?
True
Suppose -3 = -0*s + s + q, s - 27 = 5*q. Suppose 4*j - 2*f - 22 = 0, 22 = s*j - 5*f - 9. Is (107 - 3/j)/2 a composite number?
False
Let o = 10 + 14. Suppose 2*v + 2*v + o = 2*q, -2*q + 26 = -2*v. Is q a prime number?
False
Suppose 4*n = f + 3*f + 776, 2*n + 4*f - 376 = 0. Suppose -4*r + n = -44. Is r a prime number?
True
Let l = -2 + 1. Let r = 5 + l. Is (10/r)/((-1)/(-10)) a composite number?
True
Let a(p) = 42*p**2 + 5*p. Let c(i) = 41*i**2 + 4*i. Let r(w) = -4*a(w) + 5*c(w). Is r(-1) prime?
True
Let k = -959 + 1446. Is k prime?
True
Let f be (2/2)/(4/16). Le